atest common divisor of 24896397 and 7731?
2577
What is the greatest common factor of 6262 and 170185?
101
What is the highest common factor of 11516652 and 469476?
5796
Calculate the greatest common divisor of 106808 and 15064.
8
Calculate the greatest common divisor of 138 and 41365845.
69
What is the highest common divisor of 66170 and 178?
2
Calculate the highest common factor of 2877 and 5282172.
2877
What is the greatest common divisor of 36466343 and 18532?
4633
What is the highest common divisor of 25912068 and 924?
84
Calculate the highest common factor of 24 and 1528488.
24
What is the highest common divisor of 594 and 11497838?
22
What is the greatest common divisor of 1912 and 1023044280?
1912
Calculate the greatest common divisor of 306 and 2481728.
34
Calculate the highest common factor of 3904 and 151149216.
1952
Calculate the greatest common divisor of 39758 and 650410.
386
Calculate the greatest common divisor of 1050832 and 66928.
16
What is the greatest common divisor of 38968 and 1016?
8
What is the greatest common factor of 17784 and 12748392?
1368
What is the highest common factor of 3342175 and 875?
25
What is the greatest common factor of 1113148 and 645389?
5921
Calculate the greatest common divisor of 3081078 and 271674.
2106
Calculate the greatest common divisor of 909552 and 16.
16
What is the highest common factor of 18940600 and 6650?
350
Calculate the greatest common divisor of 6383825 and 675.
25
Calculate the highest common divisor of 9414822 and 318.
6
Calculate the greatest common divisor of 23 and 141680989.
23
What is the highest common factor of 644389 and 5240?
131
Calculate the highest common divisor of 2165 and 37738115.
2165
What is the greatest common divisor of 1151421848 and 488?
488
What is the highest common divisor of 29361199 and 394037?
2177
Calculate the highest common divisor of 1926043 and 414.
23
Calculate the highest common divisor of 7 and 42477631.
7
What is the highest common divisor of 1675156 and 50750?
406
What is the greatest common divisor of 209 and 32791?
11
What is the greatest common factor of 14053 and 2314559?
299
What is the greatest common factor of 1377 and 59175?
9
What is the greatest common divisor of 325 and 35616685?
65
What is the greatest common divisor of 6411629 and 49?
7
What is the highest common factor of 165 and 4755470445?
165
Calculate the greatest common divisor of 238650 and 2760.
30
What is the greatest common divisor of 137372844 and 63?
21
Calculate the greatest common divisor of 15 and 17623500.
15
Calculate the greatest common divisor of 5614 and 60298.
14
What is the greatest common factor of 12996 and 41722936?
1444
Calculate the highest common divisor of 913192600 and 5800.
5800
What is the highest common factor of 35 and 8446795?
35
What is the greatest common factor of 969967 and 6752?
211
What is the greatest common divisor of 71090435 and 325?
65
Calculate the greatest common divisor of 60840 and 6435.
585
Calculate the highest common factor of 208735372 and 83.
83
Calculate the highest common divisor of 282711171 and 2634.
1317
Calculate the greatest common divisor of 150277704 and 36.
12
What is the greatest common factor of 1761609 and 13596?
309
Calculate the highest common factor of 65583 and 73251.
27
What is the greatest common factor of 740086810 and 10?
10
Calculate the highest common divisor of 1530 and 71930910.
510
Calculate the greatest common divisor of 31370146 and 2779.
397
Calculate the highest common factor of 1086004155 and 10.
5
What is the highest common factor of 30200104 and 8?
8
What is the greatest common factor of 4721084 and 13630?
58
Calculate the highest common factor of 42622571 and 71139.
1031
Calculate the greatest common factor of 105586470 and 60.
30
What is the greatest common divisor of 2239852 and 3604?
68
What is the highest common divisor of 127392 and 1176?
24
What is the greatest common divisor of 3312009 and 648?
81
Calculate the greatest common divisor of 7664 and 69584.
16
What is the greatest common divisor of 6122760 and 29400?
840
What is the greatest common divisor of 6915303 and 3032059?
4601
Calculate the greatest common factor of 4854 and 973227.
2427
Calculate the greatest common factor of 3942993 and 277878.
4791
Calculate the greatest common divisor of 3324 and 5969688.
12
Calculate the highest common factor of 61036584 and 140.
28
What is the greatest common factor of 70637 and 11396?
7
Calculate the greatest common divisor of 9056912 and 64.
16
Calculate the highest common factor of 1698963972 and 636.
636
Calculate the highest common divisor of 113007940 and 20.
20
Calculate the highest common divisor of 2901832 and 5814.
646
Calculate the highest common factor of 1611 and 275382.
9
Calculate the greatest common factor of 144 and 60050992.
16
What is the highest common divisor of 107316 and 265038?
1626
What is the greatest common divisor of 36992240 and 3040?
1520
What is the highest common factor of 172668 and 131700?
12
What is the highest common factor of 237000 and 3070?
10
What is the highest common factor of 505 and 57713420?
505
What is the highest common divisor of 24503220 and 7308?
252
Calculate the greatest common factor of 147695 and 7830545.
1355
What is the highest common factor of 17507 and 25032509?
2501
Calculate the greatest common divisor of 4350185 and 140.
35
What is the highest common factor of 331093 and 379407?
1421
What is the greatest common divisor of 2099279 and 3505957?
5369
Calculate the highest common divisor of 13448 and 2280.
8
What is the greatest common divisor of 213557 and 8?
1
What is the greatest common divisor of 2145 and 44916105?
195
Calculate the greatest common factor of 1692 and 1055028.
12
What is the greatest common factor of 1573 and 277693?
13
Calculate the greatest common divisor of 16020148 and 9087.
233
What is the highest common factor of 767696 and 1020?
4
Calculate the highest common factor of 17054226 and 87449.
557
What is the highest common factor of 886935 and 1855?
35
Calculate the highest common factor of 1463 and 6825401.
11
What is the greatest common divisor of 5784 and 5528?
8
What is the highest common factor of 259287 and 85631?
7
What is the highest common divisor of 33893244 and 19404?
2772
Calculate the greatest common divisor of 120 and 264526155.
15
Calculate the highest common divisor of 132 and 68388804.
132
Calculate the highest common divisor of 247452 and 9418.
34
Calculate the highest common factor of 1043195 and 298699.
1501
Calculate the highest common divisor of 3579032 and 568.
8
What is the greatest common divisor of 3006934 and 13664?
854
Calculate the highest common factor of 22992769 and 2.
1
What is the highest common factor of 340116 and 10116?
12
Calculate the greatest common factor of 121737262 and 158.
158
Calculate the greatest common divisor of 370504142 and 76.
38
Calculate the greatest common divisor of 886 and 20443121.
443
Calculate the highest common factor of 4263 and 2322639.
87
Calculate the greatest common factor of 122 and 17262817.
61
What is the greatest common divisor of 63032283 and 64197?
9171
Calculate the greatest common factor of 387 and 29629107.
387
What is the highest common divisor of 1946396198 and 697?
697
What is the highest common factor of 48056016 and 160892?
2204
What is the highest common divisor of 4225 and 407290?
845
What is the greatest common divisor of 16834085 and 7936?
31
Calculate the greatest common factor of 7312 and 499501.
457
What is the greatest common factor of 88 and 158201989?
11
What is the highest common divisor of 20989934 and 19006?
1462
Calculate the greatest common factor of 15154888 and 952.
952
Calculate the highest common divisor of 55177 and 5037.
23
What is the greatest common factor of 12149366 and 328?
82
Calculate the greatest common factor of 103 and 587162109.
103
Calculate the greatest common divisor of 420 and 15280860.
420
What is the greatest common factor of 404 and 2980324?
4
What is the greatest common divisor of 442778 and 1106?
14
What is the greatest common divisor of 49 and 13660955?
49
What is the highest common divisor of 2727 and 719221?
101
What is the highest common divisor of 188160 and 3808?
224
Calculate the h